is p(-3)?
-3
Let p(t) = t**2 + 7*t - 227. What is p(-19)?
1
Let n(i) = 2*i - 2. Determine n(13).
24
Let c(t) = -t**2 - t + 5. Determine c(4).
-15
Let u(b) = -b - 7. Determine u(11).
-18
Let n(y) = -6*y**2 + 4*y - 3. Give n(2).
-19
Let l(z) = -6*z**2 + 4*z + 3. What is l(-3)?
-63
Let i(j) = 2*j - 106. What is i(38)?
-30
Let f(b) = 8*b - 9. What is f(3)?
15
Let l(s) = -s**2 + 13*s - 16. Determine l(12).
-4
Let d(y) = 6*y**2 - 3*y + 5. Give d(4).
89
Let n(b) = b**3 - 15*b**2 + b - 20. Give n(15).
-5
Let o(h) = -2*h**2 + 2*h + 6. Calculate o(0).
6
Let l(v) = v**2 - 7*v - 15. What is l(9)?
3
Let t(s) = -s**3 - 8*s**2 + 9*s - 8. Calculate t(-9).
-8
Let s(y) = -y + 23. Calculate s(17).
6
Let i(v) = -v**3 - 6*v**2 - 3*v - 1. Give i(-5).
-11
Let u(x) = -46*x. Give u(-1).
46
Let o(p) = -p + 2. Give o(4).
-2
Let k(v) = -45*v + 27. What is k(2)?
-63
Let w(g) = -g**2 - 38*g + 40. What is w(-39)?
1
Let m(o) = -o**2 - 13*o + 19. Determine m(-12).
31
Let n(x) = -39*x - 154. Determine n(-4).
2
Let g(r) = -r**3 + 3*r**2 - 4*r + 1. Determine g(3).
-11
Let q(w) = w**3 + 40*w**2 - 4*w - 170. Determine q(-40).
-10
Let d(r) = r**2 - 22*r + 20. What is d(8)?
-92
Let o(r) = r**2 - 10*r + 8. Determine o(15).
83
Let r(d) = -10*d**2 - 12*d + 12. Determine r(1).
-10
Let p(m) = -5*m + 1. Calculate p(1).
-4
Let p(j) = -8*j**2 + j + 3. Give p(-2).
-31
Let r(c) = c**3 - 10*c**2 - 3*c + 1. Calculate r(8).
-151
Let a(j) = j**3 - 7*j**2 - 10*j - 9. Give a(8).
-25
Let o(k) = -2*k**3 + 19*k**2 - 8*k - 3. Calculate o(9).
6
Let q(o) = o**3 - 4*o**2 - 12*o + 1. Give q(6).
1
Let d(u) = -u - 9. Give d(-9).
0
Let y(l) = 9*l + 1. Give y(1).
10
Let s(q) = -2*q**2 + 41*q + 23. Give s(21).
2
Let m(t) = t**2 - 17*t + 82. What is m(9)?
10
Let q(x) = -x**2 + 19*x - 22. What is q(17)?
12
Let f(n) = -n**2 + 7*n - 18. What is f(5)?
-8
Let u(k) = -k**3 - 10*k**2 - 9*k - 1. Calculate u(-6).
-91
Let t(z) = z**2 - 3*z + 4. What is t(0)?
4
Let z(j) = -63*j**2 - 2*j + 1. What is z(1)?
-64
Let r(j) = -18*j + 126. Calculate r(7).
0
Let q(y) = -y**3 - 5*y**2 + 2*y + 9. Determine q(-5).
-1
Let i(v) = 96*v - 92. Give i(1).
4
Let i(y) = y**3 + 7*y**2 - 9*y + 2. Determine i(-8).
10
Let l(v) = -111*v - 2. Determine l(1).
-113
Let p(s) = 2*s**2 - 4*s - 9. Give p(0).
-9
Let f(x) = -x**2 + 18*x - 97. Give f(11).
-20
Let b(w) = w**2 - 11*w + 7. Calculate b(13).
33
Let i(s) = s**2 + 2*s - 3. Give i(-3).
0
Let x(s) = -s + 3. Calculate x(4).
-1
Let x(h) = -h**2 - 3*h + 22. What is x(-7)?
-6
Let h(p) = -p**3 + 4*p**2 - 4*p + 6. Give h(4).
-10
Let w(t) = t + 15. What is w(-11)?
4
Let m(s) = -s + 22. Determine m(31).
-9
Let y(v) = 29*v + 47. Calculate y(-3).
-40
Let a(i) = 14*i + 9. Calculate a(6).
93
Let l(i) = 2*i - 1. Give l(10).
19
Let p(d) = 2*d**2 - 3*d - 34. Give p(4).
-14
Let j(q) = -q**3 - 16*q**2 + 16*q - 23. Give j(-17).
-6
Let w(t) = 9*t. What is w(-3)?
-27
Let r(q) = q - 9. Calculate r(8).
-1
Let c(r) = r - 8. Calculate c(12).
4
Let t(p) = -p**3 + 4*p**2 + 3*p + 1. What is t(5)?
-9
Let a(d) = d + 16. Determine a(-13).
3
Let t(d) = d**2 + 3*d - 5. Calculate t(-6).
13
Let f(b) = -2*b + 5. What is f(-4)?
13
Let q(v) = v**2 - 3*v - 3. What is q(5)?
7
Let q(i) = i**2 - 28*i + 160. What is q(8)?
0
Let i(y) = -y**3 - 8*y**2 - 3. Give i(-8).
-3
Let m(t) = -2*t**2 - 3*t - 3. What is m(-3)?
-12
Let n(l) = -l**2 + 2*l + 1. Calculate n(-1).
-2
Let j(r) = r**3 - 36*r**2 + 179*r + 24. What is j(30)?
-6
Let p(o) = o**3 - 35*o**2 + 96*o - 8. Determine p(32).
-8
Let v(u) = 3*u. What is v(6)?
18
Let d(n) = -n**2 - 6*n + 2. Determine d(-5).
7
Let h(n) = -4*n**2 + 20*n + 36. What is h(6)?
12
Let i(j) = -j**3 + 8*j**2 - 9*j + 14. What is i(7)?
0
Let s(b) = -8*b**2 - 2*b + 1. What is s(-2)?
-27
Let r(d) = -2*d**2 + 2*d + 1. Calculate r(2).
-3
Let y(p) = 2*p + 24. Give y(-14).
-4
Let b(c) = 10*c + 172. Determine b(-17).
2
Let q(o) = -o**3 + 5*o**2 - 5*o. Give q(5).
-25
Let z(w) = 2*w**2 - 7. Give z(0).
-7
Let h(v) = v**2 - 7*v + 7. What is h(2)?
-3
Let t(b) = -b + 22. Determine t(9).
13
Let m(p) = -p**3 - 32*p**2 - 31*p + 4. What is m(-31)?
4
Let g(a) = a**2 - 6*a - 20. What is g(6)?
-20
Let c(b) = -b + 16. Give c(5).
11
Let i(s) = -11*s**3 + s. Determine i(1).
-10
Let s(f) = -6*f**2 - 2*f - 3. Give s(-2).
-23
Let m(l) = -72*l - 126. Give m(-2).
18
Let c(f) = -59*f**3 + 2*f**2 - 3*f + 2. Calculate c(1).
-58
Let b(r) = r**3 + 34*r**2 - 33*r + 77. What is b(-35)?
7
Let v(n) = -22*n + 3. Calculate v(2).
-41
Let f(h) = -h**2 + 6*h + 10. Calculate f(6).
10
Let n(s) = -s**2 - 18*s - 98. Calculate n(-18).
-98
Let d(r) = -3*r - 1. Give d(5).
-16
Let b(z) = -24*z - 112. Give b(-5).
8
Let m(v) = -2*v + 1. What is m(7)?
-13
Let f(g) = -g**3 - g**2 + 5*g + 10. Determine f(-3).
13
Let m(s) = -2*s**3 - 12*s**2 + 11*s - 14. Determine m(-7).
7
Let u(f) = -f**3 + 26*f**2 - 22*f + 9. What is u(25)?
84
Let s(z) = -z**3 - 5*z**2 + 13*z + 32. What is s(-8)?
120
Let o(i) = 75*i + 252. What is o(-3)?
27
Let p(z) = -2*z - 14. Give p(2).
-18
Let z(y) = y + 30. What is z(-16)?
14
Let q(l) = -l + 14. Give q(9).
5
Let u(c) = -c**3 - 7*c**2 + 25*c + 23. Determine u(-9).
-40
Let w(r) = r**3 + 10*r**2 - r - 10. Determine w(-9).
80
Let j(z) = 2*z**2 + 9*z + 9. Give j(-4).
5
Let t(j) = 37*j - 593. Give t(16).
-1
Let x(o) = o**3 - 13*o**2 - o - 8. Determine x(13).
-21
Let z(v) = 10*v - 73. Give z(13).
57
Let r(q) = -3*q + 7. Determine r(12).
-29
Let b(h) = 2*h**2 + h - 2. Calculate b(-4).
26
Let o(s) = s**3 - 5*s - 5. Determine o(-2).
-3
Let l(p) = 5*p - 8. Calculate l(2).
2
Let d(q) = q**3 - 2*q - 1. Calculate d(2).
3
Let i(k) = -k**3 + 8*k**2 + 3*k - 14. What is i(8)?
10
Let n(l) = l**2 + 11*l + 7. Determine n(-8).
-17
Let a(d) = -d**2 - 8*d - 3. Determine a(-7).
4
Let h(r) = r**3 - 2*r**2 - 3*r + 13. Give h(0).
13
Let m(d) = -d**3 + 14*d**2 + 5*d - 20. Determine m(14).
50
Let b(q) = 4*q + 21. Give b(6).
45
Let l(q) = -q**3 + 7*q**2 + 26*q + 38. Calculate l(10).
-2
Let s(n) = n**2 - 7*n + 17. Calculate s(4).
5
Let s(p) = 2*p**3 - p**2 + 2*p - 4. Give s(1).
-1
Let m(c) = -41*c**2 - 8*c - 10. Give m(-1).
-43
Let r(a) = -12*a - 2. Determine r(0).
-2
Let x(q) = q**2 - 2*q - 4. Give x(5).
11
Let a(t) = -3*t - 10. What is a(-8)?
14
Let y(w) = w**2 - 4*w - 6. Calculate y(6).
6
Let u(a) = a - 17. Give u(10).
-7
Let h(f) = -2*f**2 + 17*f - 14. Calculate h(9).
-23
Let g(l) = -l**2 + 59*l - 121. What is g(57)?
-7
Let k(x) = -x**3 - 6*x**2 + 5*x + 4. What is k(-5)?
-46
Let d(z) = 6*z + 8. Give d(-4).
-16
Let a(x) = -x**3 + 57*x**2 - 107*x - 162. Calculate a(55).
3
Let d(q) = 2*q**2 - 13*q + 27. What is d(8)?
51
Let w(u) = -u**2 - 7*u + 14. What is w(-6)?
20
Let w(r) = r**3 - 4*r**2 + 2*r + 1. Determine w(2).
-3
Let u(m) = 5*m**2 + 2*m - 1. Calculate u(1).
6
Let i(a) = -3*a**2 + 10*a - 4. What is i(3)?
-1
Let f(h) = -h**3 + 7*h**2 - 8*h + 11. Determine f(6).
-1
Let l(h) = h**3 - 4*h**2 + 8*h - 49. Calculate l(4).
-17
Let l(h) = 4*h + 22. Determine l(-4).
6
Let l(q) = -55*q - 326. What is l(-6)?
4
Let s(w) = 18*w + 1. Calculate s(1).
19
Let q(d) = -3*d - 10. Calculate q(-3).
-1
Let g(w) = -16*w - 184. What is g(-12)?
8
Let h(d) = -d**3 - 7*d**2 - 5*d - 11. Give h(-7).
24
Let c(m) = 2*m**2 - 9*m + 6. Determine c(4).
2
Let u(a) = 8*a + 335. Give u(-41).
7
Let q(d) = -5*d - 51. Calculate q(-10).
-1
Let k(c) = -c**2 - 41*c - 84. Calculate k(-39).
-6
Let m(j) = j**3 + 8*j**2 - 2*j + 3. Give m(-9).
-60
Let h(o) = -o + 25. Give h(9).
16
Let z(t) = -4*t + 78. What is z(20)?
-2
Let z(a) = -a**3 - 17*a**2 + 18*a + 22. What is z(-18)?
22
Let i(s) = -2*s - 13. Determine i(-7).
1
Let u(f) = -f**3 + 8*f**2 + 12*f - 11. Determine u(9).
16
Let i(v) = v - 25. What is i(24)?
-1
Let w(g) = g**3 - 9*g**2 - 19*g + 2. What is w(11)?
35
Let j(o) = -3*o**3 - 2*o**2 - o + 2. What is j(-2)?
20
Let l(w) = 57*w - 401. Give l(7).
-2
Let i(g) = -6*g - 1. What is i(-4)?
23
Let d(l) = l**3 + 4*l**2 + l + 5. Give d(-5).
-25
Let w(x) = -x**3 - 4*x**2 - 3*x - 12. Calculate w(-7).
156
Let s(j) = -3*j**2 + 9*j - 16. What is s(3)?
-16
Let w(y) = y**2 + 14*y + 27. Give w(-11).
-6
Let u(k) = -2*k**2 + 4*k - 2. What is u(2)?
-2
Let o(c) = c**2 + 9*c - 6. Determine o(-8).
-14
Let w(i) = -i**2 - i + 15. Determine w(3).
3
Let n(u) = -u**2 - u - 5. What is n(0)?
-5
Let n(h) = -6*h + 2. Give n(2).
-10
Let m(i) = -i